(n). Give q(4).
-12
Let b(y) = y**2 - y - 14. Let o(s) = 2*s**2 - 2*s - 27. Let p(d) = -11*b(d) + 6*o(d). Calculate p(0).
-8
Let r(c) = 2*c + 3. Let f(z) = 16*z - 4. Let y be f(3). Let n be y/16 - 1/(-4). Give r(n).
9
Let p(u) = u - 2*u + 2*u - 10. Let y = 53 + -46. Suppose 6*d = y*d - 5. Determine p(d).
-5
Let w(z) = -7*z + 3 + 0*z - z**2 - 3*z + 0*z**2. Determine w(-10).
3
Let n(u) = 9*u + 2. Let z(b) = b**3 + 5*b**2 - 7*b - 4. Let k = 48 + -54. Let g be z(k). Give n(g).
20
Let j(x) = -3*x**2 - 9*x - 22. Let y(a) = -a**2 - 3*a - 10. Let b(t) = 2*j(t) - 5*y(t). Give b(-4).
2
Let s(r) = -7*r**3 + 0*r**3 - 11*r**2 + 7*r**2 + 6*r**3. Calculate s(-3).
-9
Let i(l) = l + 22. Let g = -1066 + 1055. What is i(g)?
11
Let a(u) = u**2 + u - 12. Let x be (-24)/(-15) - 2/(-5) - -18. Suppose 0 = -4*j + 16, -5*j + x = -g - g. Give a(g).
-12
Let s(l) = -l + 1. Let z(r) be the second derivative of -r**3/6 - 3*r**2 - 5*r. Let t(w) = 3*s(w) + z(w). Give t(-2).
5
Let x(a) = a**2 - 12*a - 9. Let m(i) = -i**2 - i - 1. Let q(b) = 2*m(b) + x(b). Let u be q(-13). Let z(v) = u - 3*v**2 + v**3 + 2*v - 10*v + 9*v. Give z(3).
5
Let n(q) = -5*q + 1. Let s be (-2 + 1)*(-2 - -2). Suppose s = -4*t + u + 4, 4*t - 2 = 2*u + 2. Calculate n(t).
-4
Let q be 5/15 - 11/(-3). Let y = -4 + q. Let b(i) be the second derivative of i**4/12 + i**3/6 - 2*i**2 + 60*i. Give b(y).
-4
Suppose d + 4*a = -1, -d + 2 = d + 4*a. Suppose 8*g - 8 = 6*g. Let j(c) = -g + 0*c + c + d*c - 5*c. What is j(-2)?
-2
Suppose 4*o + 0*o - 12 = 0. Let l be (-6)/(-9)*-3 - -1*11. Let i(t) = -l*t**3 - 5*t**3 + 3 - 5*t + 23*t**3 - 10*t**3 + 5*t**2. What is i(o)?
6
Suppose 44*t - 16 = 28. Let r(a) = -16*a**3 - a**2 - a + 1. What is r(t)?
-17
Let q(n) = -2*n. Let o(a) = -a**2 + 12*a - 3. Let w be o(5). Suppose 18 = 29*u - w*u. Calculate q(u).
12
Let y(d) be the third derivative of -d**4/12 - 7*d**3/3 + d**2 - 548*d. Give y(-6).
-2
Let k(z) = z**3 - z**2 + 2*z - 8. Let u(i) = i**3 - i**2 + 2*i - 8. Let p(j) = 3*k(j) - 2*u(j). Determine p(0).
-8
Let x = -31 - -39. Let t(v) = -v**2 + 9*v - 3. Give t(x).
5
Let p(h) = -h. Let d(n) = 2*n + 10. Let m(c) = d(c) + p(c). Suppose 198*j - 35 = 203*j. Give m(j).
3
Let x be -1 + 0 + 7*-1. Let z(y) = 14*y**2 + 8 - 7*y**2 - 1 + 1282*y + y**3 - 1290*y. What is z(x)?
7
Let u(z) be the second derivative of 7*z**5/120 - z**3/6 + 9*z. Let v(k) be the second derivative of u(k). What is v(1)?
7
Let r(h) = -h**3 + 4*h**2 + 6*h - 3. Suppose 3*w - 20 = -5*y, 0 = -3*y + 5*w - 14 - 8. Let o be (3 - (y + 12))/(-2). Give r(o).
2
Let k(v) = v**2 - v - 15. Let j(m) = m**2 - 9. Let d(c) = 5*j(c) - 3*k(c). Determine d(-2).
2
Suppose 2*q = -2*q - 28. Let c = q - -7. Let y(w) = -5 + c + 1 + 6*w**2 - w**3 - 12*w + 7*w. Give y(5).
-4
Let h(o) = -3*o + o - 1 + 0*o**2 - 13*o**3 - o**2. Let a = -263 + 262. Give h(a).
13
Suppose -2*h + 18 = h. Let d = -9 + h. Let q(k) be the third derivative of -k**5/60 - k**4/8 - k**3/2 - 24*k**2. Give q(d).
-3
Let w(m) = 26*m**2 - 39*m - 8. Let b(y) = 9*y**2 - 14*y - 3. Let r(i) = -17*b(i) + 6*w(i). Give r(-3).
18
Let m(l) = -8*l**2 - l - 1. Let s be (-3*4 - -1)*(-3 - -2). Suppose s*j = -0*j - 11. Determine m(j).
-8
Let m(w) = -4*w**2 + 9*w - 8. Suppose 0 = u - 2 + 1. Let k(q) = -q**2 + q - 1. Let p(l) = u*m(l) - 5*k(l). Suppose 8*f - 2*v - 20 = 10*f, 4 = -v. What is p(f)?
9
Let k(t) be the first derivative of -t**4/4 - t**3/3 + 3*t**2/2 + 9. Let p = 20 - 13. Suppose 2*r + 4 + 1 = -w, 4*r + p = -5*w. Calculate k(r).
9
Let l(v) = -13*v + 125. Let i be l(9). Let q(s) = -s**3 + 9*s**2 - 8*s - 8. What is q(i)?
-8
Let u(z) = -z**3 - 4*z**2 - z - 17. Let t(a) = -a**2 - 1. Let r(c) = -5*t(c) + u(c). Suppose 3*i - 5*j = 8*i - 15, 4*i - 5*j + 15 = 0. Determine r(i).
-12
Suppose 3*g = 4*g - 4. Let y(j) = -5*j - 2. Let v(x) be the third derivative of -3*x**4/8 - x**3/2 - 7*x**2. Let c(t) = 4*v(t) - 7*y(t). Determine c(g).
-2
Let g(u) = -414 + 411 + 2*u - 3*u + 2*u. Give g(-16).
-19
Suppose 2*v + v = 18. Let u(w) be the third derivative of -w**6/120 + w**5/10 + w**4/12 - 3*w**3/2 + 7*w**2 + 18*w. Give u(v).
3
Let f(z) = -3*z + 19. Let y(l) = l - 9. Suppose m = -m + 4. Let g(x) = m*f(x) + 5*y(x). Suppose -a = 3*a + 20. Determine g(a).
-2
Let b(p) be the second derivative of -p**4/12 + 5*p**3/6 - p**2/2 - 33*p. What is b(9)?
-37
Let d(y) = -3 - 2 - 19*y + 6 + 17*y. Determine d(7).
-13
Suppose -8*a - a + 63 = 0. Let h(i) = -i - 8 + 0 + a. Let u(f) = f**2 + 7*f + 2. Let m be u(-6). Calculate h(m).
3
Let g(t) = 2*t + 9. Suppose 4*z - 5 + 1 = 0, 2*z = 5*d + 47. Determine g(d).
-9
Let n(w) = -w**3 - 6*w + 0*w**3 + 9*w**2 + 3 - 3*w. Let g(v) = 2*v**2 - 71*v - 308. Let z be g(-4). Calculate n(z).
-5
Let g(q) = q**3 + 3*q**2 + q + 1. Let i = 69 - 65. Suppose i*v + 23 = -j, 5*j + v + 2 = -18. Calculate g(j).
-2
Let b(u) = u**3 + 10*u**2 - 13*u - 25. Let m be b(-11). Let n(j) = -j**3 - 4*j**2 + 5. What is n(m)?
-4
Suppose -48 = 2*o + 2*o + 5*m, -2*o - 3*m = 26. Let w(k) = -k**3 - 8*k**2 - 7*k - 5. Calculate w(o).
-5
Let c(n) = 4*n - 12. Let o(v) = 5 + 0 - 9*v + 19. Let d(u) = 5*c(u) + 2*o(u). Calculate d(8).
4
Let b(u) be the first derivative of 3 + 4*u + 1/2*u**2 + 1/6*u**3. Let s(r) be the first derivative of b(r). Calculate s(-1).
0
Let w(x) = 81*x + 38. Let d(u) = 121*u + 53. Let t(g) = -5*d(g) + 7*w(g). Determine t(-1).
39
Let i be (-36)/(-30) - (-3)/(-15). Let f(k) = k**2 + 1 + 5 - 11*k + i + 3*k. Give f(5).
-8
Let r(l) be the second derivative of -l**5/20 + l**4/3 + l**3 + l**2 + 16*l. Let m(x) = x - 2. Let d be m(10). Suppose -d = -3*v + 7. Determine r(v).
7
Let r(g) = -7*g - 1 + 1. Let p be r(1). Let y(c) be the second derivative of -c**4/12 - c**3 - 3*c**2/2 + 4*c. Give y(p).
-10
Let o(l) = 4*l - 1. Suppose 16 = q + 10. Suppose -3*b = -2*g - g + q, -4*b = 2*g - 10. What is o(b)?
3
Let c(q) = 3*q**2 - 2*q - 3. Suppose 5*s - 25 = 0, -4*s + 9*s - 15 = -5*l. Determine c(l).
13
Let j(z) = 3*z**2 - z + 5. Let t(s) = -2*s**2 + s - 4. Let b(o) = 4*j(o) + 5*t(o). Let p be 61/9 - 12/(-54). Let g be (-2)/p - (-64)/28. Give b(g).
10
Let b(i) be the first derivative of 2*i**3/3 - 2*i - 221. Give b(2).
6
Let b(x) = -x**3 + 46*x**2 + x - 43. Let o be b(46). Let m(r) = r - 4. Determine m(o).
-1
Let h = 2 - 5. Let c(o) = -5*o**2 - 6*o + 60. Let t(q) = q**2 + q - 16. Let s(m) = -c(m) - 4*t(m). What is s(h)?
7
Let z(v) = -v**3 + 7*v**2 + v - 4. Let a = 15 + -15. Suppose 35 = -a*r + r. Suppose -r = -6*m + m. Determine z(m).
3
Let a(i) be the first derivative of -i**3/3 - i**2/2 - 2*i + 1. Suppose 2*y + 20 = -10. Let j be (y/(-10))/(2/(-4)). Determine a(j).
-8
Let z(f) = 2*f - 1. Let v(y) = -2. Let o(r) = 2*v(r) - z(r). Let d = -5 - -1. Let n(j) = j**2 + 5*j + 1. Let l be n(d). Calculate o(l).
3
Let c(i) = 5*i + 2. Let t(d) = -3*d - 1. Let s(z) = 3*c(z) + 6*t(z). What is s(-3)?
9
Let t(k) = -5 + 7 + 2 + 13*k. Let u(y) = y**2 - 8*y + 4. Let h be u(8). Let c(q) = 14*q + 5. Let d(s) = h*t(s) - 3*c(s). What is d(-1)?
-9
Suppose -26*d + 61 - 217 = 0. Let f(g) = -2*g**2 - 9*g + 5. What is f(d)?
-13
Let d(p) = p**3 - 6*p**2 - 7*p + 3. Let m be d(7). Let f = -1 + m. Let i(z) = -1 + z - f + 3. Give i(5).
5
Let i(a) = -7*a**2 - 7*a - 31. Let c(w) = 0*w + 2*w**2 + 5*w - w + 15 + w**2. Let j(p) = -9*c(p) - 4*i(p). What is j(8)?
-11
Let l(w) = 3*w**2 - 10*w - 13. Let p(z) = z**2 - 1. Let o(y) = -l(y) + 4*p(y). Let i(j) = 4*j**3 + 20*j**2 + 8*j + 31. Let u be i(-5). Calculate o(u).
0
Suppose -3*u + 2*u = -6. Let y(z) = -u + 12*z**2 + z - 2*z**2 - z**3 - z**2. Let v be y(9). Let f(c) = -2*c**2 + 3*c - 3. What is f(v)?
-12
Let z(w) = 0 - 142*w + 122*w - 2 - 1. What is z(-3)?
57
Let r(b) be the second derivative of b**5/20 + b**4/12 + b**2 - 3*b. Let x be (5 - 5/1) + (1 - 1). Give r(x).
2
Let k(z) = z + 4. Suppose 2*v + 3*d - 5*d + 2 = 0, 4*v = -2*d + 2. Give k(v).
4
Let r(a) = a - 3. Let u(f) = 3*f + 2. Let b be u(8). Suppose -3*k - 3*w = -2*k + 16, 2*k = -4*w - b. Let p = k + 13. Give r(p).
3
Suppose -48 - 33 = -y. Let t = y - 75. Let r(o) = o**3 - 6*o**2 - o + 4. Give r(t).
-2
Let k(b) = -7*b**2 - b + 1. Let d(j) = -14*j**2 - 2*j + 2. Let c(x) = -4*d(x) + 9*k(x). Give c(1).
-7
Let l(f) = -f**3 - 20*f**2 - 20*f - 27. Let y be l(-19). Let w(z) = 4*z - 6. Calculate w(y).
-38
Suppose -430 = -105*b + 19*b. Let a(q) = -6*q 